
Let i(n) = n - 1. Suppose -w + 14*w + 16*w = 0. Calculate i(w).
-1
Let m(a) = a**2 + 6*a + 12. Suppose 3*c - 12 = 4*v - 35, 3*v = -3*c - 30. Determine m(c).
39
Let l(x) = -x - 5. Let f(w) be the first derivative of 2*w**3/3 - 3*w**2/2 - 4*w + 12. Let y be f(3). Determine l(y).
-10
Let w(s) be the second derivative of -1/12*s**4 + 24*s + 0 - s**2 + 7/6*s**3. What is w(4)?
10
Suppose -3*v = -4 + 1. Let n(t) = -7 - v - 2 - t. Suppose 0 = 4*a + 2*p + 10, 5*a + 49 = 3*p + 9. What is n(a)?
-5
Let l(b) = -b**3 - 5*b**2 + 4*b - 10. Let p be l(-6). Let c(o) = -o + o - p*o - 3. Give c(3).
-9
Let j(y) = 2*y**3 - 2*y**2 + y + 2. Let i(p) = 13*p**3 - 21*p**2 + 11*p + 10. Let w(t) = i(t) - 6*j(t). Calculate w(8).
-26
Let p(h) be the third derivative of -h**4/4 - h**3/6 - h**2. Let t be (28/8 + -3)*12. Suppose 4 = -t*c - 2. Determine p(c).
5
Let k(q) = -2 + 2*q + 5 + 0 + 0*q. Suppose -29*t - 42 = -22*t. Determine k(t).
-9
Suppose 4*c = 4*h, 2*c - 1 = -5*h + 20. Let j(l) = 13*l + 4*l**2 + c - 12*l - 3*l**2 + 3*l. What is j(-3)?
0
Suppose 0 = k - 4 - 6. Let b(a) = -a**3 + 10*a**2 + a - 9. Determine b(k).
1
Let w(d) = 25*d**3 + d**2 + d - 1. Suppose 28*b - 108 = -80. Give w(b).
26
Let x(h) be the third derivative of h**5/60 + 7*h**4/24 + 7*h**3/6 - h**2. Let r = -4 - 1. Determine x(r).
-3
Let w(h) = -2*h**2 + 4*h. Let s(y) = -y**3 - 5*y**2 - 3*y + 3. Let g = -9 - -4. Let m be s(g). Suppose -5*f = -m + 3. Determine w(f).
-6
Suppose -7*m = 20 + 29. Let g(s) = -8*s - 14. Let c(a) = -17*a - 29. Let h(f) = -6*c(f) + 13*g(f). Calculate h(m).
6
Suppose q + 2 = g, 3*g + 42 = -7*q + 2*q. Let o(a) be the first derivative of a**4/4 + 7*a**3/3 + 7*a**2/2 + 2. Determine o(q).
-6
Let c(s) = -s**3 + 15 - 3*s - 10 - 2*s**2 + 6*s**2 - 7. Determine c(3).
-2
Let r(h) be the first derivative of -h**4/24 - h**3 + 15*h**2/2 + 3. Let f(j) be the second derivative of r(j). Determine f(-6).
0
Let z(i) = -i**3 + 8*i**2 + 2*i - 10. Let h be z(8). Let t(c) = 5*c + 3*c - h*c + 2. Suppose -2*r - 4 = a, 4*a + 2*r = -0*r + 2. Calculate t(a).
6
Suppose -6 = -r - 5*k - 20, -3*r + 2 = 4*k. Let g(w) = -6*w + 8. What is g(r)?
-28
Let a(v) = v - 14. Let b be 76/(-133) - (-218)/14. Let j be a(b). Let n(h) = -7*h**3 + h. Calculate n(j).
-6
Let q(s) = -s**2 + 11*s - 6. Let u be q(4). Let f = -21 + u. Let o(r) = 7*r**3 + r**2 - 2*r + 1. What is o(f)?
7
Let h be 4/(-12) + (-200)/75. Let y(n) = -2*n**3 - 6*n**2 - 3*n + 2. What is y(h)?
11
Let u(i) be the third derivative of -i**6/120 + 4*i**5/15 - 3*i**4/4 + 35*i**3/6 - 368*i**2. Give u(15).
-10
Let f(h) = -12*h + 12. Let g(q) = -4*q + 4. Let n(v) = -3*f(v) + 8*g(v). Let z be -143 + 139 - 2*(-12)/3. Give n(z).
12
Let i(f) = 11*f**3 - 6*f**2 - 4*f. Let c(g) = 3*g**2 + 8*g - 8*g**3 + 3*g**3 - 6*g. Let k(b) = 13*c(b) + 6*i(b). What is k(-3)?
-6
Let o(b) = b**2 + 8*b - 11. Suppose 0 = -t + 2*u + 1, -2*u + 5 = 4*t - 9. Suppose 36 - 12 = -t*j. What is o(j)?
-11
Let m be (-31)/5 + 5*24/100. Let y(i) = 7*i + 33. What is y(m)?
-2
Let m(x) = x**2 - 2*x - 8. Suppose h - 11 = -2*l, h - 17 = -2*l + 6*h. Determine m(l).
16
Let w(c) = 2*c**2 + 24*c + 21. Let b be w(-10). Let z = b - -16. Let t(x) = 2*x - 4. Give t(z).
-10
Let d(b) = -b**3 + b**2 + 7. Suppose 4*l - 44*i = -48*i - 4, 3*l + 11 = -5*i. Give d(l).
-11
Let x(p) = -p - 1. Let f be 4/(-14) - (-18)/14. Suppose -s - 2*v - 7 = 0, -5*v = s - f + 23. Suppose -5*l + s*l + 4 = 2*z, -5*l = -4*z - 28. Give x(z).
1
Let g(s) = -s**2 + s - 3. Suppose -5*a = -3*k - 11, -3*a = -2*k + 2 - 8. Let l be -1*a/8*-14. Let w be 11/(-22) + l/2. Determine g(w).
-9
Suppose -15 = -7*b + 4*b. Let q(s) = 6*s - 9*s - 5059 + 5065 + s**3 - 4*s**2. Calculate q(b).
16
Let w(k) be the second derivative of -k**3/6 + 2*k**2 + 211*k + 3. Let p = -5 - -10. Give w(p).
-1
Let j(u) = -u**2 + 4*u - 3 + 14*u + 4*u + 8*u - 35*u. What is j(-1)?
1
Let d(f) = -16*f. Let s be 1 - ((-2 - 1) + (13 - 8)). Calculate d(s).
16
Let h(i) = -1. Let d(r) = -8*r - 1. Let g(n) = d(n) + h(n). What is g(-1)?
6
Suppose 4*o - 26 = -9*t + 4*t, -o + 2 = -t. Suppose -3*q = 5*l - 6, t*l + 6 = 2*q + q. Let y(r) = -r**3 + 3*r - 2. Give y(q).
-4
Let z(d) = -3*d - 8. Let x(c) = -c - 1. Let g(t) = -6*x(t) + z(t). Suppose 0 = 5*w + 3*w - 136. Let u = w + -19. What is g(u)?
-8
Let c(m) be the second derivative of -m**5/5 - m**4/12 + 30*m. Determine c(1).
-5
Suppose -a + 4*i - 15 = 0, 0 = -5*a - 3*i - 2*i. Let j(y) = 0 + 3*y + 5 - 3. Let b(p) = -3*p - 1. Let h(c) = a*b(c) - 2*j(c). Calculate h(3).
8
Let c(o) = o**2 + o - 34. Let d be c(-6). Let x(r) = r**3 + 3*r**2 + r + 5. Give x(d).
-15
Let t(d) = d + 4 + d - d - 1. Determine t(6).
9
Let c(j) = 0*j + 3 - j**2 + 2*j - 3*j - 7*j. Determine c(-7).
10
Let c(q) = -q**2 - 11*q - 9. Let b be c(-10). Let x(y) = -1 + 0*y + 4*y + 10*y. What is x(b)?
13
Let a(c) = -c - 13. Let v(u) = -2*u - 30. Let g(d) = 5*a(d) - 2*v(d). Let z(r) = r**2 - r + 6. Let n be z(0). Calculate g(n).
-11
Let j(t) = 16*t - 359. Let i be j(22). Let o(x) = -x**3 - 7*x**2 - 3*x - 6. Give o(i).
15
Let r = 0 + 2. Let l = -229 + 231. Let q(w) = -w - l + 6*w**2 + 3*w**3 - 3*w**r - 4*w**3. Determine q(2).
0
Let s(m) = -1 + 2*m - 2*m - m**3 + 2 - m. Let k(n) = -4*n**3 + 4*n**2 - 5*n + 2. Let j(t) = -k(t) + 3*s(t). Let r be (3 - 4 - -3)/1. Calculate j(r).
-3
Let h(u) be the first derivative of 3220*u - 15 - 3220*u + 4*u**2. Calculate h(2).
16
Let u(b) = -3*b**3 + 2*b**2 + 6*b. Let c(n) = -n**3 - n**2 + n + 2. Let p(r) = 2*c(r) - u(r). Let x be ((-10)/(-4))/((-1)/(-2)). Calculate p(x).
9
Suppose 3*l + 2*l + 2*b = 20, -l - 8 = -2*b. Let n(z) = 0*z - 2*z**l + 2*z + 3*z**2 + 0*z**2. Calculate n(-3).
3
Let b(v) be the first derivative of -1/3*v**3 + 4*v + 7/2*v**2 - 25. Calculate b(9).
-14
Let g(y) = y**3 + 21*y**2 + 20*y + 4. Let f be g(-20). Let k be -2*f/8 + -3. Let h(d) = -6*d - 3. Let p(o) = -7*o - 3. Let b(j) = 6*h(j) - 5*p(j). Give b(k).
1
Let a(x) = x**3 - x**2 + 3*x + 3. Let z = 1881 + -1881. Determine a(z).
3
Let p(r) = r**2 - 12*r - 2. Let h be (3 + 28*(-1)/2)/(-1). What is p(h)?
-13
Let l be 0*(3 - 16/6). Let p be (l - 1)*1 - -6. Suppose -u - 5*j - 18 = 0, -p*u - 2*j - 30 = 3*j. Let o(g) = g - 4. What is o(u)?
-7
Let m(z) = 0*z - z + 10 - 20 - z**2 - 8*z. What is m(-5)?
10
Let k(h) = 16*h. Let m(j) = 14*j + 113. Let w be m(-8). Give k(w).
16
Let g(o) = -o**3 + o**2 + 5*o - 4. Let n(b) = 4*b - 5. Let x(i) = -4*i + 5. Let h(z) = 4*n(z) + 3*x(z). Let m = 16 - 14. Let k be h(m). Calculate g(k).
-7
Let u(n) = 2*n - 10. Let t be u(6). Let l(k) = 8 + 3*k - 7*k + 7*k - t*k. Let r(o) = -o - 8. Let m(a) = -2*l(a) - 3*r(a). Give m(0).
8
Let f(o) = o - 9. Let a be 1/(21/12)*7. Suppose 0 = -a*c + 15 - 7. Let q be (0 - c)/(3/(-6)). Give f(q).
-5
Let t(m) be the third derivative of -1/20*m**5 + 0 + 5/24*m**4 + 0*m + 0*m**3 + 1/720*m**6 + 8*m**2. Let f(u) be the second derivative of t(u). Determine f(-6).
-12
Let u(o) = -o**3 - 2*o**2 + 3*o. Suppose -4*h + 4 = -8. Suppose 3*t - 4*b = -29, -h*t + 4*t - 3*b = -18. What is u(t)?
0
Let t(n) = n**3 - 2*n**2 + 2*n + 12. Suppose 89*v - 80*v = 0. Determine t(v).
12
Let m(o) = o**3 - 7*o**2 + 8*o - 9. Let v(d) = 7*d**2 - 19. Let h be v(-4). Let y = 99 - h. What is m(y)?
3
Let g be ((-4)/6)/(73/657). Let w(a) = -a**3 - 2*a**2 - a. Let q be w(-2). Let c(r) = 6 - r**3 - 5*r - 8*r**2 + 2*r**q - r**2. Give c(g).
0
Let y be 0 + (-4)/12 - (-38)/6. Suppose -6*p = -3*p - y. Let h(q) = -1 - 2*q**3 + 4*q**2 - 3*q + 2 + 0. What is h(p)?
-5
Let r(o) be the second derivative of o**5/20 + o**4/6 - o**3 - 3*o**2 + 36*o. Suppose -4*s - 7 = -2*i - 3, -s + 1 = -i. Give r(i).
-14
Let g be ((-6)/(-4))/((-6)/(-36)). Let s = 13 - g. Let i(f) = -f**2 + s*f - 2 + 0 - 2. Determine i(4).
-4
Let u(z) = 8 + 10 - 22*z - 10 + 4 + 27*z. What is u(-4)?
-8
Let r(z) = -4*z - 2*z**2 - 2*z**2 - 3 + z**3 + 3*z**2. Let f be 1/1 + -6 - (-16 + 13). Determine r(f).
-7
Suppose 2*t - 5 - 1 = 0. Suppose 4*h = -4*o + 40, -t*o + 20 + 20 = 5*h. Let j(u) = -u + 1. Let p(c) = -5*c + 1. Let k(b) = -6*j(b) + p(b). What is k(o)?
0
Let l(i) = -4419 + 5*i + 8*i**3 + 5*i**2 + 4428 - 7*i**3. What is l(-4)?
5
Let v be (152/(-760))/(2/40). Let h(l) = l**3 + 6*l**2 - 1. Determine h(v).
31
Let g(m) = -11*m**2 - 8*m - 17. Let z(w) = 0*w**2 - 11 - 5*w**2 - 3*w - w + 3. Suppose 0 = 6*d - 7*d - 4. Let s